 + 7. Determine q(3).
10
Let l(i) = -3*i**3 + 21*i**2 + 23*i + 8. What is l(8)?
0
Let k(j) = -j**2 - 2*j + 3. Calculate k(-4).
-5
Let i(o) = o**3 - o**2 + 4*o + 1. Calculate i(0).
1
Let g(i) = i**3 + 4*i**2 + 11*i + 5. Give g(-3).
-19
Let i(t) = -t**2 + 21*t - 23. What is i(21)?
-23
Let q(g) = -2*g**2 - 21*g + 32. What is q(-12)?
-4
Let z(d) = -d**2 + 24*d + 58. Give z(24).
58
Let g(f) = -f**2 - f - 1. Calculate g(6).
-43
Let i(p) = -9*p**2 + 218*p - 48. What is i(24)?
0
Let v(u) = 2*u**2 + 12*u. Give v(-4).
-16
Let j(d) = -d**3 + 16*d**2 + 12*d + 83. What is j(17)?
-2
Let d(u) = u - 22. Determine d(9).
-13
Let d(c) = c**2 + 6*c - 7. Calculate d(-7).
0
Let s(r) = -r**2 + 9*r + 2. What is s(12)?
-34
Let c(d) = -d**2 - 9*d + 1. What is c(-8)?
9
Let y(t) = -2*t**2 + 15*t + 7. Give y(9).
-20
Let d(z) = 5*z. Determine d(3).
15
Let p(o) = -o + 36. Calculate p(0).
36
Let h(b) = 2*b**3 - 84*b**2 + 5*b - 215. Give h(42).
-5
Let b(n) = -2*n**2 - 5*n - 5. Calculate b(-2).
-3
Let l(k) = 5*k + 43. Determine l(-8).
3
Let z(j) = -j**2 - j + 14. Determine z(-6).
-16
Let l(s) = -2*s - 1. Give l(-4).
7
Let p(u) = -7*u**2 + 16*u + 1. Calculate p(4).
-47
Let x(j) = 2*j - 25. What is x(-4)?
-33
Let p(z) = -2*z**3 - 5*z**2 + 9*z - 4. Give p(2).
-22
Let x(j) = 2*j**2 - 9*j - 2. What is x(5)?
3
Let n(z) = 6*z - 22. Determine n(5).
8
Let h(u) = -u**2 - 6*u - 2. Give h(-9).
-29
Let h(g) = -g**2 + 8*g + 31. What is h(11)?
-2
Let c(k) = -6*k + 65. Determine c(12).
-7
Let r(g) = g**3 - 9*g**2 + 15*g + 14. What is r(6)?
-4
Let k(f) = f**3 + 3*f**2 + f - 1. Give k(-3).
-4
Let h(n) = 10*n + 210. Calculate h(-22).
-10
Let r(l) = 16*l**2 - 160*l + 15. What is r(10)?
15
Let j(x) = 2*x + 4. Give j(-3).
-2
Let y(s) = 7*s**3 - 3*s**2 + 4*s + 1. Give y(1).
9
Let p(s) = -s**2 - 11*s - 18. Give p(-8).
6
Let z(q) = 29*q + 339. Determine z(-12).
-9
Let n(o) = 66*o - 1263. Calculate n(19).
-9
Let n(g) = -7*g - 133. What is n(-18)?
-7
Let l(z) = -z**3 - 15*z**2 + z - 17. Give l(-15).
-32
Let x(b) = -b**3 + 35*b**2 - 68*b + 45. Calculate x(33).
-21
Let x(z) = -3*z**2 - 3. Calculate x(2).
-15
Let t(s) = 10*s - 27. Determine t(14).
113
Let c(k) = -4*k + 6. Give c(-3).
18
Let g(z) = -z**2 + 9*z - 3. What is g(6)?
15
Let o(x) = x**3 - 7*x**2 + 15*x + 1. Determine o(5).
26
Let z(n) = -n - 7. Calculate z(10).
-17
Let p(g) = g**2 - g - 11. Give p(0).
-11
Let p(i) = 7*i + 27. What is p(-7)?
-22
Let o(s) = 11*s + 144. Determine o(-13).
1
Let h(n) = 3*n**2 - 4*n + 1. What is h(-4)?
65
Let v(n) = -n**3 - 19*n**2 - 16*n + 16. Give v(-18).
-20
Let j(p) = -p**3 + 10*p**2 + 8*p + 5. What is j(11)?
-28
Let j(n) = 4*n + 13. What is j(2)?
21
Let t(s) = -2*s**3 + s**2 - 6*s + 17. What is t(4)?
-119
Let g(k) = -k**2 + 15*k - 7. Calculate g(10).
43
Let u(y) = y**2 + 5*y + 1. What is u(-2)?
-5
Let w(v) = 9*v - 27. What is w(-6)?
-81
Let z(s) = 8*s + 83. Calculate z(-10).
3
Let w(m) = 26*m + 1. Calculate w(-2).
-51
Let h(f) = f**3 - 4*f**2 - 3*f + 9. Give h(4).
-3
Let k(g) = g - 7. Calculate k(2).
-5
Let w(s) = 8*s**3 - s**2 - 1. What is w(2)?
59
Let d(r) = r**2 + 5. What is d(2)?
9
Let d(o) = o**3 + 88. Determine d(0).
88
Let j(t) = -5*t + 11. What is j(-6)?
41
Let j(m) = 11*m - 258. Give j(23).
-5
Let t(x) = x**2 + 5. Determine t(4).
21
Let s(n) = -n - 16. Give s(-12).
-4
Let a(d) = d**2 - 4*d + 12. What is a(4)?
12
Let l(q) = 2*q**3 + 2*q - 1. Calculate l(1).
3
Let u(b) = b**3 + 13*b**2 - b - 17. What is u(-13)?
-4
Let o(f) = -f**2 - 22*f - 21. Calculate o(-22).
-21
Let i(n) = n + 17. Calculate i(-9).
8
Let m(w) = 22*w**2 - w - 2. Calculate m(-1).
21
Let y(g) = -g**3 + 3*g**2 + 9*g - 4. Calculate y(5).
-9
Let z(n) = n + 18. What is z(-11)?
7
Let y(j) = j**3 - 3*j**2 - 2*j + 2. What is y(3)?
-4
Let t(l) = 2*l**3 + 2*l**2 - 6*l - 7. Determine t(-2).
-3
Let m(s) = s**2 - s - 6. Determine m(3).
0
Let s(p) = 17*p**3 - 2*p - 1. Calculate s(-1).
-16
Let f(t) = -t**2 - 11*t - 21. Calculate f(-8).
3
Let g(p) = -p**3 - 6*p**2 + 11*p - 16. Determine g(-8).
24
Let t(i) = -i + 5. What is t(5)?
0
Let b(v) = v**2 + 44*v + 1. Determine b(-44).
1
Let g(q) = -q**2 - 5*q. What is g(-4)?
4
Let j(g) = g**2 + 5*g - 28. Calculate j(-10).
22
Let c(l) = 17*l - 115. Determine c(7).
4
Let l(h) = h**3 - 8*h**2 + 5*h - 3. Determine l(7).
-17
Let s(r) = r**3 + 10*r**2 - 2*r + 9. Calculate s(-9).
108
Let n(t) = -t**2 + 2*t + 15. Give n(4).
7
Let a(g) = -g + 38. Give a(-11).
49
Let m(v) = -v**3 - 13*v**2 + 17*v - 31. Calculate m(-14).
-73
Let s(r) = -48*r + 26. Calculate s(-2).
122
Let v(j) = 4*j + 14. Calculate v(-8).
-18
Let w(f) = -f - 2. Give w(-11).
9
Let h(i) = i**3 - 13*i**2 - 22*i + 109. Determine h(14).
-3
Let k(m) = -2*m**2 - 10*m + 8. Give k(-6).
-4
Let x(a) = a**3 - 4*a**2 - 3*a - 5. Calculate x(5).
5
Let i(s) = s**3 - 8*s**2 - 38*s + 34. Calculate i(11).
-21
Let d(u) = -14*u + 118. What is d(7)?
20
Let v(n) = -n. Give v(-10).
10
Let f(r) = -r**3 + 13*r**2 - 12*r + 1. Determine f(12).
1
Let c(g) = -2*g**3 + g**2 + 2*g + 4. What is c(2)?
-4
Let f(s) = -s**3 + 2*s**2 + 2*s + 3. Calculate f(4).
-21
Let i(j) = -16*j**3 + j**2 - 2*j + 2. Determine i(1).
-15
Let r(p) = -p**2 - 5*p + 2. What is r(-5)?
2
Let p(q) = -q**3 + 9*q**2 - 10*q + 38. Determine p(7).
66
Let p(r) = -3*r + 3. Determine p(-6).
21
Let l(h) = h**3 + 11*h**2 - 6*h - 56. Determine l(-11).
10
Let f(d) = 3*d + 24. Determine f(-12).
-12
Let s(g) = -g**2 - 53*g - 383. What is s(-44)?
13
Let x(h) = -h + 2. Give x(8).
-6
Let u(g) = -g**3 + 4*g**2 - g + 5. Calculate u(3).
11
Let u(m) = -7*m - 5. Calculate u(1).
-12
Let i(d) = -d**3 + 15*d**2 + 16*d + 17. Calculate i(16).
17
Let l(f) = f**2 - 5*f + 5. Determine l(3).
-1
Let j(v) = v**3 - 5*v**2 + 2*v - 1. Give j(2).
-9
Let w(g) = -g**3 + 4*g**2 - 4*g. Determine w(4).
-16
Let q(o) = -3*o**2 + 30*o + 26. Give q(11).
-7
Let q(r) = -2*r**2 - 4*r - 3. Determine q(-2).
-3
Let z(t) = -t**3 - 15*t**2 - 16*t - 9. Determine z(-14).
19
Let t(z) = z**2 - 14*z - 514. Give t(31).
13
Let s(p) = p**3 - 7*p**2 - 9*p + 19. Calculate s(8).
11
Let m(q) = -q**2 - 13*q - 11. Calculate m(-8).
29
Let p(f) = -86*f - 864. Determine p(-10).
-4
Let z(f) = -3*f - 35. Determine z(-15).
10
Let j(c) = -c**3 - 6*c**2 - 13*c - 22. Give j(-4).
-2
Let t(v) = -v**3 + 12*v**2 + v + 16. Calculate t(0).
16
Let i(g) = 2*g**3 + 6*g**2 + 3*g + 6. Calculate i(-4).
-38
Let h(i) = i**2 - 14*i + 21. Calculate h(14).
21
Let q(p) = -p**2 - 25*p - 146. Calculate q(-8).
-10
Let j(n) = n**3 + 16*n**2 + 15*n + 5. Determine j(-15).
5
Let s(u) = u - 10. Determine s(-9).
-19
Let u(z) = 28*z**3 + z**2 + 4*z + 3. Give u(-1).
-28
Let d(f) = 10*f - 2. Give d(3).
28
Let w(l) = -3*l - 2. Give w(1).
-5
Let n(d) = d**2 - 28*d + 126. What is n(22)?
-6
Let n(s) = -s**2 + 22*s - 97. Give n(9).
20
Let x(z) = -z**3 + 5*z**2 + 6*z. Determine x(6).
0
Let r(q) = q**2 - 8*q - 16. Calculate r(10).
4
Let i(o) = -23*o**3 - o**2. Calculate i(1).
-24
Let v(k) = k**3 + 12*k**2 + 10*k + 1. Give v(-11).
12
Let m(t) = t**2 + 3*t + 8. Give m(-2).
6
Let k(h) = h**3 - 3*h**2 + 3*h - 1. Determine k(3).
8
Let c(z) = -z**3 + 5*z**2 - 3. What is c(5)?
-3
Let h(x) = x**3 - 11*x**2 - 12*x + 9. Give h(11).
-123
Let o(k) = -k**3 - 12*k**2 + 26*k - 11. Calculate o(-14).
17
Let f(k) = k + 1. What is f(-9)?
-8
Let l(c) = -c - 10. Give l(9).
-19
Let y(r) = -r**3 - 5*r**2 - 2*r + 10. What is y(-4)?
2
Let d(v) = -3*v**3 + v**2 - 2*v + 2. Calculate d(1).
-2
Let c(l) = l**2 + 6*l + 5. Determine c(-5).
0
Let p(c) = -c - 4. Give p(-8).
4
Let d(y) = 36*y + 259. Determine d(-7).
7
Let l(z) = -z**3 - 3*z**2 + 7*z - 9. What is l(-6)?
57
Let t(z) = 2*z - 57. What is t(0)?
-57
Let l(n) = -n**2 + 10*n + 9. Calculate l(9).
18
Let l(m) = -8*m**2 + 4*m + 2. Give l(-1).
-10
Let p(q) = q**3 + 6*q**2 + 3*q + 4. What is p(-6)?
-14
Let j(u) = 2*u - 13. Calculate j(7).
1
Let k(a) = 15*a**2 + 2*a. What is k(3)?
141
Let o(q) = -2*q**2 - q. Calculate o(1).
-3
Let u(k) = -k**3 - 3*k**2 - 16*k - 57. Determine u(-4).
23
Let k(w) = w**3 + w**2 - w + 48. Calculate k(0).
48
Let h(c) = c + 15. Give h(-7).
8
Let f(v) = -v**3 - 16*v**2 + 15*v - 38. Give f(-17).
-4
Let f(h) = -h**2 + 21*h + 23. Calculate f(24).
-49
Let d(a) = -2*a**2 - 15*a + 1. Calculate d(-8).
-7
Let g(a) = -15*a - 294. Determine g(-18).
-24
Let m(n) = -4*n**2 - 12*n + 5. Calculate